uppose -5*g + 35 = 2*i - j*g, 4*g = i - 25. Let n = 162 + -86. What is the remainder when n is divided by i?
11
Let u = 16545 + -15564. What is the remainder when u is divided by 59?
37
Let b be (15*(-4)/14)/(9/(-315)). Suppose 27*c = 21*c + b. What is the remainder when 69 is divided by c?
19
What is the remainder when (-5 - -3)*29/((-377)/208) is divided by 17?
15
Let a(q) = q**3 + 8*q**2 + 4*q - 6. Let f(w) = w**2 - 98*w + 1553. Calculate the remainder when f(17) is divided by a(-7).
11
Suppose 5*g + 63 = 4*m, -154*m = -155*m - 2*g - 7. Suppose -j = 3*w - 0*j - 28, 3*w - 5*j - 22 = 0. Calculate the remainder when w is divided by m.
2
Suppose 79*n + 49 = 83*n + 5*k, 4*n - 4*k - 40 = 0. Calculate the remainder when ((-16)/5)/((-10)/200) is divided by n.
9
Let v = 476 + -477. What is the remainder when 1/2 + (-159)/(-2) is divided by (-84)/(-8)*(1 - v)?
17
Suppose 0 = 4*c - 5*f - 1122, 2*c + 4*f + 105 = 627. Calculate the remainder when 3289 is divided by c.
13
Let v = -36385 - -36479. Suppose -2*q - 15 = -c, 50 = 4*c + 2*q + 10. What is the remainder when v is divided by c?
6
Let o = 195 - 182. Suppose 0 = 2*b - 79 - 333. Suppose -b = -o*x - 24. What is the remainder when 52 is divided by x?
10
Let q = 95 - 92. What is the remainder when -4 - (0 - 3) - -12 is divided by (-2 - 0)/((-44)/12 + q)?
2
Suppose -176 = -11*t + 10*t. What is the remainder when t is divided by ((-324)/144)/((-3)/8)?
2
Suppose 0*y = -5*y + 75. Let q = 58468 - 58441. What is the remainder when q is divided by y?
12
Suppose 5*k - g = -1856 - 1185, -3*k - 1807 = -5*g. Let m = -590 - k. What is the remainder when 26 is divided by m?
7
Suppose h - 54 = -2. Suppose -c + h = 8. Suppose 45 = -138*r + 141*r. What is the remainder when c is divided by r?
14
Suppose -27*y - 242 = -31*y - 2*n, 0 = 3*y - 2*n - 171. What is the remainder when y is divided by 15?
14
Suppose -116*b + 62*b + 3799 = -3059. Calculate the remainder when b is divided by 15.
7
Let c = 346 + -276. Let p = c - -63. What is the remainder when p is divided by 20?
13
Let g(z) = 93*z**2 - z. Let b = 87 - 84. Suppose -b*l + 4*v + 40 = -17, -19 = -l - 2*v. Calculate the remainder when g(1) is divided by l.
16
Suppose 0 = -26*f + 259*f - 577607. Calculate the remainder when f is divided by 10.
9
What is the remainder when -5 + ((-16)/6)/(6 - 7188/1197) is divided by 42?
23
Calculate the remainder when 3381 is divided by ((-2)/6)/((130/780)/(-9*1)).
15
Suppose -3*v - 27 = -3*i, 5*i + 5*v - 24 = -19. Suppose -i*a - 3*u = -306 + 31, 0 = -4*u. Calculate the remainder when 135 is divided by a.
25
Let b = -936 - -977. What is the remainder when 4054 is divided by b?
36
Suppose 13*u = 2*u - 88. Let b(r) = -44*r. Let c be b(-1). What is the remainder when 73 is divided by 869/c - (-6)/u?
16
Let k(g) = 57*g**2 + 3*g + 4. Suppose 4*x = 2*x + 810. What is the remainder when x is divided by k(-1)?
57
Suppose 3*w = -w. Suppose w*a + 4*a - 184 = 0. Suppose -7*r - 293 + 412 = 0. Calculate the remainder when a is divided by r.
12
Let s(l) = l + 21. Let j be s(27). Suppose -5*n = -2*v + 6*v - j, 2*v + 2*n - 24 = 0. What is the remainder when 130 is divided by v?
10
Let c be (15/(-9) - -2)*234. Let t = -76 + c. Let r = t + 23. Calculate the remainder when r is divided by 14.
11
Suppose 0 = -m + 76 + 20. Suppose -4*x - 3*j - 5211 = 0, 3*x = 8*x - 3*j + 6534. Let a = 1312 + x. What is the remainder when m is divided by a?
5
Let o = 63 - -33. Let i(t) = t**3 - 50*t**2 + 367*t + 25. What is the remainder when o is divided by i(9)?
5
Let d(q) = -185*q + 3679. What is the remainder when d(15) is divided by 194?
128
Let x = -734 + 731. Calculate the remainder when 279 is divided by x/(-5)*(-470)/(-6).
44
Let x be 1 - 35/(-5) - 4. Suppose 15 - 6 = -3*j. What is the remainder when 30 is divided by 10 + 1 + j - x?
2
Calculate the remainder when 26639 is divided by 10*(-17)/1020*-1110.
184
Suppose 5*u - 2*n - 20 = 0, 5*u = 4*n - 0 + 20. Suppose -4*t + 2*p = -92, 0 = -3*t - u*p - 5 + 52. What is the remainder when 167 is divided by t?
20
Let v = -1572 + 1809. Let k(b) = -41*b - 1. What is the remainder when v is divided by k(-1)?
37
Let v(b) = -b**3 + 38*b**2 + 81*b - 26. Let x be v(40). What is the remainder when 46 is divided by 357/x + 2 + 5/(-2)?
21
Let w(x) = x**3 + 23*x**2 + 61*x - 104. Calculate the remainder when w(-16) is divided by 22.
8
Let n(x) = -x**3 - 3*x**2 - 6*x - 3. Suppose -8902 - 7681 = -101*h - 60*h. Calculate the remainder when h is divided by n(-4).
29
Let h = 254 - 251. Suppose 3*t = -8*b + 9*b - 26, b = -h*t + 8. Calculate the remainder when 99 is divided by b.
14
Let i = 12081 - 12066. What is the remainder when 1495 is divided by i?
10
Let w = -7697 - -7718. Calculate the remainder when 540 is divided by w.
15
Let r = 341 + -335. Suppose -3*j + 83 = 5*z - 235, -3*j + 321 = 4*z. What is the remainder when j is divided by r?
3
Let h be (-2)/((-8)/(-140))*(1 - 0). Let r be (4/7*-3)/(5/h). Suppose -239 = -r*f + 229. What is the remainder when 155 is divided by f?
38
Suppose 21747 = 18*s - 3507. What is the remainder when 108 is divided by 2/4 - s/(-46)?
15
Let a(p) = -20*p + 9 + 12 + 197*p**2 - 198*p**2 - 7. What is the remainder when 293 is divided by a(-6)?
97
Suppose 4*j = 2*v - 8 - 14, -4*j = 2*v + 2. Let p = 191 - 187. Suppose -v*u + 6*u = -p*k + 11, 15 = -3*u. What is the remainder when 13 is divided by k?
1
What is the remainder when 872 is divided by ((-430)/(-30) - 17)/(3/(-18))?
8
Let x(s) = 28*s**2 - 129*s + 360. What is the remainder when x(3) is divided by 17?
4
Let i be 2/5*(-5 + 0). Suppose 3*x + 12 = 2*j, 36*j - 53 = 31*j - 4*x. Calculate the remainder when 38 is divided by 12*(-3)/j*i.
6
Let j = -171 - -147. What is the remainder when 128 is divided by (j/(-20))/((-468)/(-150) - 3)?
8
Suppose 4*t - 14 = -2*b - 6, b = -3*t + 8. Calculate the remainder when 244 is divided by 13/3 + t/6.
4
Let b = 3854 - 3651. Calculate the remainder when 539 is divided by b.
133
Let v(t) = -2*t**3 + 33*t**2 + 31*t - 172. Calculate the remainder when 614 is divided by v(17).
20
Suppose -39 = 79*s - 82*s - 4*n, 24 = 2*s + 3*n. What is the remainder when 104 is divided by s?
20
Let u = 286 - 94. What is the remainder when u is divided by 43 + 1050/(-50) + 0?
16
Suppose 24173 = 26*f - 17167. What is the remainder when f is divided by 8?
6
Suppose -8 = 4*a, -6*h + 4*a + 583 = -h. What is the remainder when (12/(-15))/1*h/(-2) is divided by 6?
4
Suppose 118*t - 325 = -3*s + 119*t, 4*s - t - 433 = 0. Suppose -21 = -n + 16. What is the remainder when s is divided by n?
34
What is the remainder when (185 + 0)*(-1 + ((-87)/(-5) - 4)) is divided by 135?
134
Suppose 36*s = 2223 + 945. Calculate the remainder when 714 is divided by s.
10
Let p = -1019 + 659. Let s = p + 363. What is the remainder when s is divided by 3?
0
Suppose 5*f - 20 = -0*f. Suppose -63 = f*d - 439. Suppose 52 = 4*t - 8*r + 4*r, 2*r - 22 = -t. What is the remainder when d is divided by t?
14
Let p be 2 - (0/3 + 2). Suppose -7*v + 2*v + 60 = p. Calculate the remainder when 30 is divided by 1*(182/v + 4/(-24)).
0
Let x = 132 + -53. Suppose -18*b + x = -263. What is the remainder when 73 is divided by b?
16
Let w be (-1)/4 + (-11 - 135/(-12)). Suppose w = 3*z + 15, 9*p = 6*p - z + 250. Calculate the remainder when p is divided by 22.
19
Suppose 0 = -3*g + 1506 - 1461. Let d be 0 - ((-2)/(-2) - 4). Suppose 0 = -3*x + 5*h + 62, 4*h - 36 = -d*x + 17. What is the remainder when x is divided by g?
4
Let x = 97 + -25. Suppose -244*r + 248*r - x = 0. Calculate the remainder when 4/10 - (-1029)/15 is divided by r.
15
Let m = 90087 + -90084. Let p(q) = -q + 11. Let v be p(6). Suppose v = 3*h + 2. Calculate the remainder when m is divided by h.
0
Suppose -3*j = -12, -17*m + j - 61 = -18*m. Calculate the remainder when 89 is divided by m.
32
Suppose 21 - 16 = -g. Let f be (-1029)/6 - 1/(10/g). Calculate the remainder when 2*3/10 + f/(-15) is divided by 3.
0
Let z = 3507 + -3462. What is the remainder when 306 is divided by z?
36
Let k(t) = -t**2 + 16*t + 8. Let m = -564 + 582. What is the remainder when k(9) is divided by m?
17
Let d(j) = -2*j**3 - 107*j**2 + 51*j - 135. What is the remainder when 12/(-8)*280/(-12) is divided by d(-54)?
8
Let f(k) = 18*k**2 + k + 5. Let h(l) 